ulate the remainder when 141 is divided by (26 - 13) + (0 + 2)*-1.
9
Let z = 11971 + -11350. Calculate the remainder when z is divided by 24.
21
Let d = 448 + -443. Let h = 5 + -3. Suppose -1 = h*x + q - 2, d = 4*x + q. Calculate the remainder when 2 is divided by x.
0
Suppose 0 = 4*p - 4*c - 952, 6*c - 2*c = -4. Let o(j) = j**3 + 14*j**2 + 34. Calculate the remainder when p is divided by o(-14).
33
Suppose d + 3*k - 210 = 0, -5*d + 2*k - 1102 = -10*d. Suppose d*l - 227*l = -270. Calculate the remainder when 215 is divided by l.
53
Let i(f) = -74*f + 260. What is the remainder when i(2) is divided by 41?
30
Let a(d) = -3*d + 81. Let f be a(22). Suppose 0 = -f*u - 11*u + 6734. What is the remainder when u is divided by 65?
64
Suppose -9*q + 547 = -326. Suppose -q = 3*n - 445. Calculate the remainder when n is divided by 24.
20
Let l = -101 + 71. What is the remainder when ((-144)/(-28))/((-76)/(-399)) is divided by (-280)/l + (-4)/(-6)?
7
Suppose 6*f + 1323 = -9. Let u = -197 - f. Calculate the remainder when 147 is divided by u.
22
Let f be 21/7 + (-2)/2. Suppose -4 = -f*t + 2, -t = -3*a - 30. Calculate the remainder when (a/12)/((-4)/112) is divided by 13.
8
Let k be 2/(-7) - (-297)/(-63). Suppose -5*n - 40 = -0*n. What is the remainder when 49 is divided by (-210)/n + k/20?
23
Suppose 3*n = 3*f + 843, -n + 0*f = -4*f - 287. What is the remainder when n is divided by 4?
3
Let b = 131 - 79. Let s = b - -36. Calculate the remainder when s is divided by 10.
8
Suppose 0 = -26*r + 24*r + 8. Suppose -2*v + 30 = r. What is the remainder when 350 is divided by v?
12
Let s = 1 + 9. Suppose -6*a + 24 = -s*a. Let h(v) = -12*v - 14. Calculate the remainder when h(a) is divided by 15.
13
Suppose 37*f - 8728 = -4473. What is the remainder when 1137 is divided by f?
102
Let r be (-4 - -8) + -84 + 2. Let d = r + 59. Let c = d + 37. Calculate the remainder when 48 is divided by c.
12
Let c(h) = h**2 - 26*h - 262. Calculate the remainder when c(37) is divided by ((-231)/(-66))/(2/24).
19
Let o(c) = 9*c - 106. Let i(r) = -17*r + 215. Let q(w) = 2*i(w) + 5*o(w). What is the remainder when q(11) is divided by 5?
1
Let q be 9 - ((-6)/(-8))/(39/104). Let n(b) = -5*b + 47. Let r be n(q). Calculate the remainder when 55 is divided by 2/6 + -1 + 236/r.
17
Let o(l) = l**3 - l**2 + 2*l - 13. Let z(m) = -m**3 + 17*m**2 + 19*m - 14. Let h be z(18). What is the remainder when 128 is divided by o(h)?
42
Let l(o) = -o**3 + 20*o**2 - 38*o + 42. Let m be l(18). Suppose 10*d - 1072 = -m*d. What is the remainder when 122 is divided by d?
55
Let j(n) = n**3 + 14*n**2 + 12*n - 11. Let k be j(-13). Suppose k*c = 93 - 19. Calculate the remainder when c is divided by 8.
5
Let k be (1 + (0 - 1))/(-2). Suppose 3*y - 56 = -4*d, k*d = -5*y + 2*d + 128. Suppose -15 = -2*s + 3. What is the remainder when y is divided by s?
6
Let l(t) = -10*t**3 - 6*t**2 - 20*t + 25. Suppose -j = -2*a + 95, 3*a + 35 = 4*a - 3*j. What is the remainder when l(-4) is divided by a?
49
Let l = 969 - 973. Let c = -638 + 90. Calculate the remainder when c/(-5) + l/(-10) is divided by 16.
14
Let b(a) = -2*a**2 + 7*a + 3*a**2 - 1 + 0*a**2. Let d = -204 + 195. What is the remainder when b(d) is divided by 10?
7
Let v(a) = -7*a + 97. Let c = 405 + -395. What is the remainder when 65 is divided by v(c)?
11
Suppose -8*f + 13*f + j - 75 = 0, -4*f + 89 = -5*j. Calculate the remainder when 362 is divided by f.
10
Calculate the remainder when 2*(-3)/(-12) - 50/20*-121 is divided by 26.
17
Let m(c) = 852*c**2 + 5*c. Let l = 583 + -582. What is the remainder when m(l) is divided by 43?
40
Suppose -3*n - 98 = -5*n. Let a(x) be the first derivative of x**4/4 + 13*x**3/3 - 13*x**2/2 + 32*x + 2. What is the remainder when n is divided by a(-14)?
13
Suppose c - 235 = -85. Suppose -13*u + 97 = -c. What is the remainder when 182 is divided by u?
11
Suppose -71*l - 1072 = -5*w - 75*l, -4*l - 8 = 0. Calculate the remainder when w is divided by 41.
11
What is the remainder when 22 + -19 + (-237954)/4*10/(-15) is divided by 117?
116
Suppose -4*m + 4*b + 916 + 496 = 0, 4*b = 5*m - 1763. What is the remainder when m is divided by 44?
43
Let s = -46 + 51. Calculate the remainder when (-549)/(-122)*88/18 is divided by s.
2
Let z = 4370 - 4353. What is the remainder when 26926 is divided by z?
15
Let u(o) = 20*o + 161. Let c be u(-8). Suppose -c - 2 = 3*z, -5*t + 54 = z. Let k(a) = -a**3 - 4*a**2 + 3. What is the remainder when t is divided by k(-4)?
2
Let r = -273 + 757. Let g = -416 + r. What is the remainder when 199 is divided by g?
63
Let c(n) = -19*n - 23. Let r(i) = 61*i + 70. Let d(z) = -11*c(z) - 4*r(z). What is the remainder when d(-6) is divided by 47?
42
Suppose -3*f + 768 = 2*h, -f - 3*h + 267 = -6*h. Let n = f + -181. Suppose -a + 59 = 4*b, -b - 30 = -a + 4. What is the remainder when n is divided by a?
38
Suppose -8*i = -12*i + 1696. Suppose 429*v - 75 = i*v. Calculate the remainder when 44 is divided by v.
14
Let r be -3*((-880)/12)/(-5). Let h = r - -44. Suppose -2*k = 5*w - 83, k - 6*k - 2*w + 197 = h. Calculate the remainder when k is divided by 23.
16
Let p(t) = t**3 + 24*t**2 + 16*t - 84. Calculate the remainder when 118 is divided by p(-23).
41
Suppose -8 = -7*m + 27. Suppose 0 = -2*q + 2*f + 36 + 70, 3*f = 2*q - 107. Let n = q - 43. Calculate the remainder when n is divided by m.
4
Calculate the remainder when 2043 is divided by ((-2)/10)/(4*(-11)/6820).
28
Let o(c) = c**2 - 2*c - 2. Let j be o(-2). Let a = j + -2. Suppose 3*v = -a*g + 114, 4*g = 4*v + 2*g - 130. Calculate the remainder when v is divided by 5.
4
Let g = 944 - 920. Calculate the remainder when 1580 is divided by g.
20
Suppose -112577 - 1323817 = -123*s. What is the remainder when s is divided by 292?
290
Suppose 2*v - 3*v + 18 = 4*l, -4*v - 4*l = -120. Let x be (1*2/4)/(1/v). Suppose -14*p + x*p = 153. Calculate the remainder when p is divided by 18.
15
Suppose 29 = n - 5*k, 3*k + 27 = 6*n - 3*n. Suppose h - n = -2*p - 0, 0 = -h - p + 3. What is the remainder when 9 is divided by h?
1
Suppose 1336*l - 3085 = 1341*l. Let s = l - -640. What is the remainder when 51 is divided by s?
5
Suppose -21*y = -60*y - 273. Let a = y + 102. What is the remainder when a is divided by 15?
5
Let s = -1242 + 1254. What is the remainder when 417 is divided by s?
9
Let z(a) = a**3 + 23*a**2 + 58*a - 31. Calculate the remainder when 251 is divided by z(-20).
8
Calculate the remainder when (-42)/4 - 101800/(-400) is divided by 12.
4
Suppose s + 14 = 4*g, -s - 2*s = g - 10. Suppose -g*n + 6*n - 28 = 0. Let z(q) = 4*q**2 + 3*q - 3. Calculate the remainder when z(-6) is divided by n.
11
Let q(v) = -v**3 - 22*v**2 - 18*v - 52. Calculate the remainder when q(-22) is divided by 21.
8
Let y(c) = 5*c**2 - 2*c - 2. Let a be y(2). Suppose -36*n + 38*n + a = 0. Let v = n + 32. Calculate the remainder when 249 is divided by v.
24
Let a = 238 + -233. Let f(w) be the second derivative of w**3/6 - w**2/2 - 4*w. Calculate the remainder when f(13) is divided by a.
2
Suppose 15*q - 807 + 192 = 0. Calculate the remainder when 438 is divided by q.
28
Suppose t - 100 = -3*t. Let y be (8/(-10))/((-5)/t). Suppose 4*h - 6 = h, 0 = y*n + h - 238. What is the remainder when n is divided by 20?
19
Suppose 4*m = 2*y - 104, 4*y - 2*m - 208 = m. What is the remainder when y is divided by (-5 - 0) + 19 + 18/2?
6
Suppose -16 = -2*b - 4*p, -3*b - 3*p + 20 = 5. Suppose b*u = -9 + 37. What is the remainder when 42 is divided by u - (-3 + 30/5)?
9
Suppose -4*d + 4*l = -84, 5*d - 142 = -5*l - 77. Calculate the remainder when 1444 is divided by d.
16
Let q(k) = 18*k - 1632 + 1618 - k**2 + 0*k**2. What is the remainder when 117 is divided by q(15)?
24
Suppose 4*r = 5*x - 204, r - 6*x = -2*x - 40. Let m = r + 60. Let z = m - -3. What is the remainder when 12 is divided by z?
5
Calculate the remainder when 93/(-2)*36/(-27) is divided by (-11)/(165/36)*15/(-4).
8
Suppose -3*o = -2*b + 20, 2*b - 7*b = 5*o + 50. Let h be (39/12 - 5)*o. Suppose -h*i + 11*i + 66 = 0. Calculate the remainder when i is divided by 11.
0
Suppose 3*r - 13 = 32. Suppose 180*d + 1069*d - 12819 = 33394. What is the remainder when d is divided by r?
7
Let c(d) = -d**2 + 7*d - 27. Let l be c(8). Calculate the remainder when 53 is divided by 